hest common divisor of d and 25?
25
Let w(q) = 4 + 2*q + 4*q + 1 - 1. Let y be w(4). Suppose 540 = 5*j - 4*g, 524 = 5*j + 4*g - 56. What is the highest common factor of j and y?
28
Suppose -5*f = 3*r + 127, 3*f - 7 + 92 = -4*r. Let u = 17 + f. Let p be (-1)/u + (-22666)/(-84). Calculate the highest common divisor of p and 30.
30
Let j = 29 + -24. Suppose -3*z + 264 = j*z. Let k be 0 + 5 - (-2 - -4). Calculate the highest common divisor of k and z.
3
Let y = -15 - -29. Let h = -9 - -28. Let r = 33 - h. What is the highest common divisor of r and y?
14
Suppose -3*w + 5*d + 80 = 0, w - 2*d = d + 24. Let m be ((-20)/4)/(2/(-20)). Calculate the greatest common divisor of w and m.
10
Let v(n) = -3*n**3 - 2*n**2 - 6*n - 3. Let r be v(-3). Calculate the highest common factor of r and 182.
26
Suppose k + 5*i - 85 = -k, 23 = k - 4*i. What is the highest common factor of 10 and k?
5
Let g(m) = m**2 - 6*m - 7. Let x be g(6). Let n be 1 + (-142)/(-7) - (-2)/x. Calculate the greatest common divisor of n and 105.
21
Let r(v) = 38*v**2 + 6*v + 5. Let f be r(-2). Calculate the greatest common divisor of 29 and f.
29
Let k(a) = -79*a**3 - a**2 - 3*a - 1. Let h be k(-1). What is the greatest common divisor of 60 and h?
20
Let v = 0 + 10. Let c(h) = -12*h - 6. Suppose -12*o + 7*o = 40. Let m be c(o). Calculate the greatest common factor of m and v.
10
Let n(l) = 21*l**3 - l**2 - 3*l - 2. Let k be n(-1). Let w be -2*k/(-4)*136/(-102). Calculate the greatest common factor of 70 and w.
14
Let i = 145 + 152. Calculate the greatest common factor of i and 81.
27
Suppose 0 = m + 2*m - 54. Let n(j) = 2*j + 50. Let u be n(-19). Calculate the highest common factor of m and u.
6
Let g be (-9)/2*-1*84/18. Suppose -187 = -5*x - 47. What is the greatest common divisor of g and x?
7
Let t(x) = 6*x - 26. Let v be t(6). Calculate the highest common factor of v and 250.
10
Let g(f) = -2*f**3 + 26*f**2 + f - 13. Let h be g(13). Suppose -2*q = k + q, h = k + 2*q - 2. Calculate the greatest common factor of k and 9.
3
Suppose 4*t - 185 = -5*d, -23*d + 18*d + t = -160. What is the greatest common divisor of d and 54?
3
Suppose 4*r - 40 = -0*r. Let d = 124 - 84. Calculate the greatest common factor of r and d.
10
Let c(y) = 67*y + 129. Let f be c(3). What is the greatest common factor of 44 and f?
22
Let c(u) = -u**3 + 4*u**2 + 3*u + 5. Let y be c(4). Let z(j) = 75*j - 508. Let r be z(7). What is the greatest common divisor of r and y?
17
Let h(g) = -g**3 + 23*g**2 - 34. Let q be h(23). Let d = q + 38. Suppose -3*p - 1 = 2*l - 17, -2*p = -l - 20. What is the greatest common divisor of d and p?
4
Suppose 2*v - 2181 + 849 = 3*i, -2*i = 3*v - 1998. What is the highest common divisor of v and 18?
18
Suppose 2*b + 132 = 2*y - 74, -5*b + 285 = 3*y. Suppose 4*q - 6*q + 80 = 0. Calculate the highest common factor of q and y.
20
Let f be 1/2*(-48)/8 + 12. Suppose 5*w - 2*t = 21, -2*w + 3*t + f = -6. What is the greatest common factor of w and 18?
3
Let b(w) = 235*w - 29. Let c be b(2). Calculate the greatest common divisor of 63 and c.
63
Let c = -111 - -119. Let k(t) = 18*t - 4. Let i be k(2). Calculate the greatest common factor of c and i.
8
Let o(q) = -9*q - 11. Let f be o(3). Let u be -4 - (0 + 0) - f. Calculate the highest common divisor of 374 and u.
34
Let p(v) = 40*v + 21. Let i be p(5). What is the highest common divisor of 78 and i?
13
Suppose 4*i = 85 - 1. Suppose 3*s - 45 - i = 0. What is the highest common factor of s and 154?
22
Let s(w) = w**3 + 3*w**2 - 11*w + 17. Let c be s(0). What is the greatest common factor of 2958 and c?
17
Let w(n) = -14*n**2 + 82*n + 14. Let s be w(6). Let g = 10 + -6. Calculate the greatest common factor of g and s.
2
Let y be (12/9)/2*108/8. Suppose -d + 66 = -3*j, 5*j = 4*d + 2*j - 309. Let l be 1/(1/d*3). Calculate the greatest common factor of l and y.
9
Suppose 120*l - 48 = 112*l. What is the greatest common divisor of 18 and l?
6
Let l = 39 + -55. Let t = l - -58. Suppose 4*g - 19 - 5 = 0. Calculate the greatest common divisor of t and g.
6
Suppose 0 = 3*z - 2*c - 44, -4*c = -5*z + 55 + 17. Suppose -3*h = 2*m - 617, -6*h = 5*m - 11*h - 1505. Calculate the greatest common divisor of z and m.
16
Suppose -4*m = r + 236, 0*m = -3*m - 15. Let f = r + 333. Calculate the greatest common divisor of 13 and f.
13
Suppose 2*n - 2*k - 5 - 1 = 0, 3*n = 2*k + 9. Calculate the greatest common factor of 9 and n.
3
Let i(t) = 19*t - 9. Let j be i(9). Let m(c) = -c**3 + 22*c**2 + 54. Let z be m(22). What is the highest common divisor of j and z?
54
Let z be ((-368)/(-138))/((-4)/(-54)). Let i(f) = 9*f**2 + 3*f**3 - 2*f + 10 + 9*f - 2*f**3. Let q be i(-8). Calculate the greatest common factor of z and q.
18
Let c(d) = 3*d**2 - 2*d. Let p be c(-2). Suppose 0 = 5*n + 81 + 59. Let i be (-245)/n + (-3)/4. Calculate the greatest common factor of i and p.
8
Suppose 12*f - 9*f - 1242 = 0. Calculate the highest common factor of 18 and f.
18
Let i(r) = -26*r - 2. Let b be i(3). Let a = b - -192. What is the greatest common divisor of 14 and a?
14
Suppose -14 + 44 = 2*o + 2*w, 4*w = -5*o + 79. Suppose -c + 70 = -2*h, -3 = h - 2*h. What is the greatest common factor of o and c?
19
Suppose 0*p = p - 8. Let g(q) be the third derivative of -q**6/120 - q**5/15 - q**4/24 - q**2. Let h be g(-4). What is the highest common factor of p and h?
4
Let c(h) = -h**3 - 7*h**2 - 9*h - 10. Let y be c(-6). Calculate the highest common factor of y and 88.
8
Suppose -3*d + 6*d + 141 = 0. Let w = -9 - d. Calculate the greatest common factor of 95 and w.
19
Let v = 21 - 25. Let h = v + 4. Suppose h*f = -f + 16. Calculate the greatest common factor of f and 144.
16
Let a = -4869 + 4890. Suppose 3*j - 505 = -t, -2*j + 25 = 2*t - 313. What is the greatest common factor of j and a?
21
Let g(p) = 89*p**2 + p - 1. Let k be g(1). Let o = -63 + k. What is the greatest common divisor of 26 and o?
26
Suppose 50*r + 2411 - 74611 = 0. What is the greatest common divisor of 76 and r?
76
Let c be (-18)/((-4)/(-4)) + -2. Let j be (-888)/c - 6/15. What is the greatest common divisor of j and 4?
4
Suppose -90*h + 3968 = -352. Let j = 7 + -1. What is the highest common factor of h and j?
6
Suppose 4*m - 17 = -5. Suppose 2*b = -3*d - 4 + 16, -m*d - 5*b = -3. Let l be (144/(-60))/(d/(-20)). Calculate the highest common factor of l and 8.
8
Let u(k) = 4 - 5 - 2*k + 1 + k**2. Let z be u(-2). What is the greatest common factor of 88 and z?
8
Let q be ((-5)/(-3)*2)/(-19 + (-754)/(-39)). Suppose -3*l + 0*l = -1260. Let j be l/3*1/2. What is the highest common divisor of j and q?
10
Suppose 1059 = 42*n - 1881. What is the highest common factor of 40 and n?
10
Let d be ((-7)/(-4))/(1/36). Let u = -17 + d. Suppose -3*b - 3 = -0*b, -5*c + b = -u. Calculate the greatest common divisor of 63 and c.
9
Let y be (-152)/2888 + 1674/38. What is the greatest common factor of 374 and y?
22
Suppose -3*i = -c + 604, -3*c + 1840 = -14*i + 12*i. Calculate the highest common divisor of 56 and c.
56
Suppose 5*j + 3*z = 2*j + 1287, -3*z = -2*j + 853. What is the greatest common factor of 1391 and j?
107
Let c = -727 + 887. Calculate the highest common divisor of 12 and c.
4
Let c be (-1)/(7/(-56)*4). Calculate the greatest common divisor of 38 and c.
2
Suppose 0*s - 2*s + 20 = 0. Let k be (-1)/(1*(-2)/s). What is the greatest common divisor of k and 20?
5
Let b = -434 - -626. Suppose -56 = -2*l - 2*y, l + 5*y + 5 = 49. What is the greatest common divisor of l and b?
24
Let s = 62 - 26. Let v = 46 - s. What is the highest common factor of v and 25?
5
Suppose -2*f = 5*u - f - 126, 2*f + 34 = u. Calculate the greatest common divisor of 143 and u.
13
Let n(p) = -2*p**2 - 13*p + 452. Let h be n(12). What is the highest common divisor of h and 2192?
8
Suppose -269 + 31 = -34*v. Let d = 146 - 69. What is the greatest common factor of v and d?
7
Let j(n) = -12*n - 14. Let h be j(-5). What is the highest common divisor of h and 69?
23
Suppose 22 = -2*g + b, -g + b = 2*g + 34. Let c = -9 - g. Let u = 8 - -19. What is the highest common factor of c and u?
3
Suppose 3*s - 3 = -3*k, 3*s - 13*k = -10*k + 3. Calculate the greatest common factor of s and 11.
1
Let r = 546 + -392. Calculate the highest common divisor of 88 and r.
22
Let v be 64860/200